en y is divided by c.
26
Suppose 5*m = 4*s - 187, -4*s + s = -5*m - 134. Let g = 50 + -35. What is the remainder when 10/g*(-2 - -158) is divided by s?
51
Calculate the remainder when 135 is divided by (471/18 - (-41)/(-246)) + 5.
11
Suppose 101*v - 35663 = 10*v + 43052. Calculate the remainder when v is divided by 31.
28
Calculate the remainder when (-14 - 114/(-6)) + 406 is divided by 136.
3
Let k(c) = 2*c**3 + 17*c**2 - 22*c - 9. Let g be 1*3/1 + -12 + 0. What is the remainder when k(g) is divided by 28?
24
Let d = -2733 + 2743. Calculate the remainder when 5448 is divided by d.
8
Let b(v) = -v**3 + 30*v**2 - 51*v - 2. Calculate the remainder when 5795 is divided by b(28).
137
Let l = -8063 + 8118. Calculate the remainder when 56 is divided by l.
1
Suppose -57 = -z + 2*h, 8 = z + 2*h - 61. Let m = -55 + z. What is the remainder when 23 is divided by m?
7
Let i = -732 - -1012. Let d = i - 93. What is the remainder when d is divided by 38?
35
Let s = 16 + -10. Suppose 2*g - 10*h = -14*h + 28, -3*g + 66 = -2*h. Calculate the remainder when g is divided by s.
2
Let u be -3 + (-1)/((-2)/34). Suppose -438 = -u*p + 388. What is the remainder when p is divided by 21?
17
Let j be (15/(-6) - -2)*-4. Suppose -1 = y - 5*a, y - 2*a = -j*y + 49. What is the remainder when 169 is divided by y?
17
Suppose 0 = 8*n - 16*n + 6160. Suppose 0 = 3*q + 4*r - 138 - 452, 2*r - n = -4*q. What is the remainder when q is divided by 33?
25
Suppose 5*u + 5*o = -0*u + 25, 12 = 4*u - 4*o. What is the remainder when 50 is divided by u?
2
Suppose -4604 - 8384 = -487*q - 1001*q - 1084. Let s(k) be the third derivative of k**4/24 + 5*k**3/2 - 2*k**2. What is the remainder when s(0) is divided by q?
7
Let w(c) = -c**3 - 127*c**2 - 1184*c - 120. Calculate the remainder when w(-117) is divided by 123.
42
Let g be (-306)/(-34)*(0 - -1). Suppose g*y - 5*y = 264. Calculate the remainder when 856 is divided by y.
64
Suppose 4*k - 5*o - 118 = -5, -2*k = -2*o - 58. What is the remainder when 4/12 - 764/(-3) is divided by k?
31
Suppose -3*w + 2*j - 197 = -393, 3*w - 212 = -2*j. Calculate the remainder when 3056 is divided by w.
64
Suppose 56 - 1 = 5*g. Calculate the remainder when (247/19)/(-13)*(-117)/3 is divided by g.
6
Suppose 3*h - 8*t + 6*t = 1313, 0 = 3*h - 4*t - 1315. Calculate the remainder when h is divided by 17.
12
Suppose 0 = -2*u - 9*u + 1276. Calculate the remainder when u is divided by 30.
26
Suppose -o + 4 = s, 4*o + s - 9 = 1. Let w be 3/(((-1)/o)/((-7)/2)). Suppose 0 = q + r - 34 - w, -51 = -q + r. What is the remainder when q is divided by 9?
8
Suppose -5*d = g + 3*g - 537, 3*g = -d + 389. Let o(j) = -35*j + 1518. Calculate the remainder when g is divided by o(43).
11
Let f(b) = b + 7. Suppose 0 = 3*n - 21 - 105. Let x be 32/6 - (-28)/n. Calculate the remainder when 24 is divided by f(x).
11
Let n = 22 - 17. Let q(c) = -22*c**2 + 1 + 12*c**2 - n*c + 11*c**2. Calculate the remainder when q(6) is divided by 4.
3
Suppose -2*t + 33 + 39 = 0. Calculate the remainder when t is divided by (-45)/(-18)*7/(70/52).
10
Calculate the remainder when 372 is divided by 0 - (16/12)/(4/(-96)).
20
Let w(a) = -a**2 + 21*a + 29. Let h(u) = 5*u**2 + 3*u + 4. Let y be h(-2). Suppose 34*m - 44 = 32*m. What is the remainder when w(y) is divided by m?
17
Let h = -3962 + 7432. Calculate the remainder when h is divided by 1729.
12
Suppose 5*d - 3*m = 1094, -d + 5*d + m - 865 = 0. Calculate the remainder when d is divided by 16.
9
Let n = -132 - -135. Suppose n*r - 31 = -19. Calculate the remainder when r is divided by 2.
0
Suppose 13*d + 658 + 616 = 0. Let f = d + 115. What is the remainder when 62 is divided by f?
11
Let d(s) = -s**3 - 17*s**2 - 62*s - 2. Calculate the remainder when 564 is divided by d(-14).
8
Suppose -16*g + 37734 - 2262 = 0. What is the remainder when g is divided by 20?
17
Let s(c) = -c + 5*c + 291 + 5*c - 307. Let l = 10 - 5. What is the remainder when 55 is divided by s(l)?
26
What is the remainder when 205 is divided by (-75 + 77)*(-245)/(-10)?
9
Suppose 4*z - 20 = -r, -4*r + 4*z - 4 - 16 = 0. Suppose -20 = -h + 2*q - 10, 3*h + 4*q - 80 = r. What is the remainder when 93 is divided by h?
13
Let f(c) = -35*c - 154. Let s be f(-8). Suppose -7*h + 21*h = s. Calculate the remainder when h is divided by 8.
1
Let h be (-2 + 4 - 1) + 2249/13. Suppose -b - h - 519 = -5*w, -3*w + b = -417. Suppose 170 + 5 = 5*v. What is the remainder when w is divided by v?
33
Suppose -4*b + 12*b = 280. Let n be 6/14 - (-55)/b. Suppose 162 = n*q + 22. What is the remainder when q is divided by 18?
16
Let g(z) = -5*z - 7. Suppose 48*o + 56 = 41*o. Calculate the remainder when g(o) is divided by 19.
14
Let v(w) = -294*w**3 + 2*w**2 + 42*w + 41. What is the remainder when 901 is divided by v(-1)?
16
Let x(f) be the first derivative of f**3/3 + 53*f + 2. What is the remainder when ((1/(-4))/((-3)/20))/((-1)/(-93)) is divided by x(0)?
49
Let b = 0 + 3. Suppose -b*t + 24 = -3*x, 2*x - 2 = -3*t + 2. Suppose 3*f = 4*d - 3, 356*d + 111 = 5*f + 359*d. What is the remainder when f is divided by t?
3
Let g(w) = -4*w**2 - 59*w + 1. Let j = 197 - 208. Calculate the remainder when g(j) is divided by 14.
12
Suppose -2*d = -3*o + 142, 5*o + 12*d - 254 = 11*d. Let j(r) = 19*r**2 + 2*r + 1. What is the remainder when o is divided by j(-1)?
14
Let v(p) = -49*p + 536. Calculate the remainder when v(9) is divided by 49.
46
Let t(y) = -50*y**3 + y + 1. Let g be t(1). Let k = g - -73. Calculate the remainder when 96 is divided by k.
21
Let m(h) = -82*h + 2712. Calculate the remainder when m(31) is divided by 78.
14
Suppose 0 = -128*n + 67*n + 90592 - 12512. Calculate the remainder when n is divided by 623.
34
Suppose 502 = 63*s + 250. Suppose 4*b - x = 91, -7*x + 3*x = 5*b - 119. What is the remainder when b + (2 - 0 - 2) is divided by s?
3
Suppose 0 = 3*a + 2*r + 2 - 8, 15 = 3*a + 5*r. Let v = a - -6. Calculate the remainder when 3 - (8/(-6) + (-220)/6) is divided by v.
5
Suppose 0 = 2*m - f - 124, -5*m - 3*f + 310 = -5*f. Calculate the remainder when 24 is divided by m/12 - 36/216.
4
Let k = 7 - 4. Let o be (10/(-2))/(19/(-285)). Suppose 0*a + g - o = -a, 5*a - 367 = k*g. Calculate the remainder when a is divided by 15.
14
Suppose -81*a = -57*a - 3048. What is the remainder when 891 is divided by a?
2
Suppose 0 = -2*r - 3*j + 54, 85*r = 83*r + 3*j + 42. What is the remainder when 861 is divided by r?
21
Suppose -2*u - 142 = -4*r, -5*u - 9 - 66 = -2*r. What is the remainder when 722 is divided by r?
22
Let y(p) = 13*p**2 - p + 25. Calculate the remainder when y(-5) is divided by 174.
7
Let m be (-672)/(-357) + (-4)/(-34). Suppose -12*u = m*u - 378. What is the remainder when 59 is divided by u?
5
Let n be 4/(-12)*(-108)/12. Suppose n*c - 4*c + 55 = 0. What is the remainder when 100 is divided by c?
45
Suppose -3*h - c + 10 = 0, h - 2 - 28 = 5*c. Suppose 11*q - 27 = 10*q - 4*y, 3*q - 46 = -h*y. What is the remainder when 56 is divided by q?
0
Suppose -2*t = 32*x - 27*x - 3048, -5*x + 4*t + 3054 = 0. Calculate the remainder when 2450 is divided by x.
10
Let f(q) = q**3 + 8*q**2 + 24*q + 30. Let u be f(-9). Let c = u - -303. Calculate the remainder when 162 is divided by c.
18
Let l(i) = -i**3 + 7*i**2 + 6*i + 2. Let o be l(8). Let q = 29 - o. Let w(k) = -242*k - 471. What is the remainder when w(-3) is divided by q?
40
Let f = 0 - -8. Let k(z) = z**3 + 16*z**2 - 38*z - 34. Let h be ((-15)/(-10))/((-6)/72). What is the remainder when f is divided by k(h)?
0
Let o(j) = -13*j + 1269. Calculate the remainder when o(71) is divided by 125.
96
Suppose -l + 110 = 3*i, -47*l + 48*l = 2*i + 135. Suppose -l - 163 = -9*g. Calculate the remainder when g is divided by 17.
15
Suppose 18 = 4*k - 42. Suppose -6*m = 212 + 76. Calculate the remainder when 3/(m/232*(-3)/6) is divided by k.
14
Suppose -5*v + l = -11, 9*l - 5 = 5*v + 4*l. Calculate the remainder when ((-2)/(-4))/(106/(-36) + 3) is divided by v.
0
Let z be ((-30)/24)/(3/(-12)). Suppose -2 = z*w - 4*w. Calculate the remainder when 55 is divided by w/3 - (-890)/30.
26
Suppose 0 = -5*s + 4*j - j + 207, -2*s = 2*j - 86. What is the remainder when 812 is divided by s?
14
Suppose 16 = 7*b - 12. Let v(w) = -2*w + 16. Let f = 17 + -11. Calculate the remainder when v(b) is divid